{"id":2671,"date":"2022-12-29T06:45:08","date_gmt":"2022-12-29T06:45:08","guid":{"rendered":"http:\/\/shopchothue.com\/?post_type=product&#038;p=2671"},"modified":"2025-08-28T09:05:43","modified_gmt":"2025-08-28T09:05:43","slug":"ao-dai-nam-cach-tan-12","status":"publish","type":"product","link":"http:\/\/shopchothue.com\/?product=ao-dai-nam-cach-tan-12","title":{"rendered":"\u00c1o D\u00e0i Nam C\u00e1ch T\u00e2n 12"},"content":{"rendered":"<p><img loading=\"lazy\" src=\"http:\/\/shopchothue.com\/wp-content\/uploads\/2022\/12\/122906657_1023639711480222_6091839720913071228_n-267x400.jpg\" alt=\"\" width=\"267\" height=\"400\" class=\"alignnone size-medium wp-image-2672\" srcset=\"http:\/\/shopchothue.com\/wp-content\/uploads\/2022\/12\/122906657_1023639711480222_6091839720913071228_n-267x400.jpg 267w, http:\/\/shopchothue.com\/wp-content\/uploads\/2022\/12\/122906657_1023639711480222_6091839720913071228_n-533x800.jpg 533w, http:\/\/shopchothue.com\/wp-content\/uploads\/2022\/12\/122906657_1023639711480222_6091839720913071228_n-510x765.jpg 510w, http:\/\/shopchothue.com\/wp-content\/uploads\/2022\/12\/122906657_1023639711480222_6091839720913071228_n.jpg 640w\" sizes=\"(max-width: 267px) 100vw, 267px\" \/><\/p>\n","protected":false},"excerpt":{"rendered":"","protected":false},"featured_media":2672,"template":"","meta":[],"product_cat":[60,62],"product_tag":[],"_links":{"self":[{"href":"http:\/\/shopchothue.com\/index.php?rest_route=\/wp\/v2\/product\/2671"}],"collection":[{"href":"http:\/\/shopchothue.com\/index.php?rest_route=\/wp\/v2\/product"}],"about":[{"href":"http:\/\/shopchothue.com\/index.php?rest_route=\/wp\/v2\/types\/product"}],"wp:featuredmedia":[{"embeddable":true,"href":"http:\/\/shopchothue.com\/index.php?rest_route=\/wp\/v2\/media\/2672"}],"wp:attachment":[{"href":"http:\/\/shopchothue.com\/index.php?rest_route=%2Fwp%2Fv2%2Fmedia&parent=2671"}],"wp:term":[{"taxonomy":"product_cat","embeddable":true,"href":"http:\/\/shopchothue.com\/index.php?rest_route=%2Fwp%2Fv2%2Fproduct_cat&post=2671"},{"taxonomy":"product_tag","embeddable":true,"href":"http:\/\/shopchothue.com\/index.php?rest_route=%2Fwp%2Fv2%2Fproduct_tag&post=2671"}],"curies":[{"name":"wp","href":"https:\/\/api.w.org\/{rel}","templated":true}]}}