{"id":2809,"date":"2023-04-07T11:56:39","date_gmt":"2023-04-07T11:56:39","guid":{"rendered":"http:\/\/shopchothue.com\/?post_type=product&#038;p=2809"},"modified":"2023-04-07T11:56:39","modified_gmt":"2023-04-07T11:56:39","slug":"ao-dai-trinh-dien-do","status":"publish","type":"product","link":"http:\/\/shopchothue.com\/?product=ao-dai-trinh-dien-do","title":{"rendered":"\u00c1o D\u00e0i Tr\u00ecnh Di\u1ec5n \u0110\u1ecf"},"content":{"rendered":"<p><img loading=\"lazy\" src=\"http:\/\/shopchothue.com\/wp-content\/uploads\/2023\/04\/that-300x400.jpg\" alt=\"\" width=\"300\" height=\"400\" class=\"alignnone size-medium wp-image-2810\" srcset=\"http:\/\/shopchothue.com\/wp-content\/uploads\/2023\/04\/that-300x400.jpg 300w, http:\/\/shopchothue.com\/wp-content\/uploads\/2023\/04\/that-600x800.jpg 600w, http:\/\/shopchothue.com\/wp-content\/uploads\/2023\/04\/that-510x680.jpg 510w, http:\/\/shopchothue.com\/wp-content\/uploads\/2023\/04\/that.jpg 720w\" sizes=\"(max-width: 300px) 100vw, 300px\" \/><\/p>\n<p><img loading=\"lazy\" src=\"http:\/\/shopchothue.com\/wp-content\/uploads\/2023\/04\/z4242008567342_971cb292a390dae73e95c159437905c5-312x400.jpg\" alt=\"\" width=\"312\" height=\"400\" class=\"alignnone size-medium wp-image-2811\" srcset=\"http:\/\/shopchothue.com\/wp-content\/uploads\/2023\/04\/z4242008567342_971cb292a390dae73e95c159437905c5-312x400.jpg 312w, http:\/\/shopchothue.com\/wp-content\/uploads\/2023\/04\/z4242008567342_971cb292a390dae73e95c159437905c5-623x800.jpg 623w, http:\/\/shopchothue.com\/wp-content\/uploads\/2023\/04\/z4242008567342_971cb292a390dae73e95c159437905c5-510x655.jpg 510w, http:\/\/shopchothue.com\/wp-content\/uploads\/2023\/04\/z4242008567342_971cb292a390dae73e95c159437905c5.jpg 748w\" sizes=\"(max-width: 312px) 100vw, 312px\" \/><\/p>\n","protected":false},"excerpt":{"rendered":"","protected":false},"featured_media":2811,"template":"","meta":[],"product_cat":[60,61],"product_tag":[],"_links":{"self":[{"href":"http:\/\/shopchothue.com\/index.php?rest_route=\/wp\/v2\/product\/2809"}],"collection":[{"href":"http:\/\/shopchothue.com\/index.php?rest_route=\/wp\/v2\/product"}],"about":[{"href":"http:\/\/shopchothue.com\/index.php?rest_route=\/wp\/v2\/types\/product"}],"wp:featuredmedia":[{"embeddable":true,"href":"http:\/\/shopchothue.com\/index.php?rest_route=\/wp\/v2\/media\/2811"}],"wp:attachment":[{"href":"http:\/\/shopchothue.com\/index.php?rest_route=%2Fwp%2Fv2%2Fmedia&parent=2809"}],"wp:term":[{"taxonomy":"product_cat","embeddable":true,"href":"http:\/\/shopchothue.com\/index.php?rest_route=%2Fwp%2Fv2%2Fproduct_cat&post=2809"},{"taxonomy":"product_tag","embeddable":true,"href":"http:\/\/shopchothue.com\/index.php?rest_route=%2Fwp%2Fv2%2Fproduct_tag&post=2809"}],"curies":[{"name":"wp","href":"https:\/\/api.w.org\/{rel}","templated":true}]}}