{"id":3116,"date":"2023-10-16T03:36:33","date_gmt":"2023-10-16T03:36:33","guid":{"rendered":"https:\/\/shopchothue.com\/?post_type=product&#038;p=3116"},"modified":"2025-08-28T06:12:58","modified_gmt":"2025-08-28T06:12:58","slug":"chau-au-phu-thuy-2","status":"publish","type":"product","link":"http:\/\/shopchothue.com\/?product=chau-au-phu-thuy-2","title":{"rendered":"Ch\u00e2u \u00c2u &#8211; Ph\u00f9 Thu\u1ef7 2"},"content":{"rendered":"<p><img loading=\"lazy\" src=\"http:\/\/shopchothue.com\/wp-content\/uploads\/2023\/10\/1c-400x400.jpg\" alt=\"\" width=\"400\" height=\"400\" class=\"alignnone size-medium wp-image-3117\" srcset=\"http:\/\/shopchothue.com\/wp-content\/uploads\/2023\/10\/1c-400x400.jpg 400w, http:\/\/shopchothue.com\/wp-content\/uploads\/2023\/10\/1c-800x800.jpg 800w, http:\/\/shopchothue.com\/wp-content\/uploads\/2023\/10\/1c-280x280.jpg 280w, http:\/\/shopchothue.com\/wp-content\/uploads\/2023\/10\/1c-768x768.jpg 768w, http:\/\/shopchothue.com\/wp-content\/uploads\/2023\/10\/1c-510x510.jpg 510w, http:\/\/shopchothue.com\/wp-content\/uploads\/2023\/10\/1c-100x100.jpg 100w, http:\/\/shopchothue.com\/wp-content\/uploads\/2023\/10\/1c.jpg 1000w\" sizes=\"(max-width: 400px) 100vw, 400px\" \/><\/p>\n","protected":false},"excerpt":{"rendered":"","protected":false},"featured_media":3117,"template":"","meta":[],"product_cat":[56,68],"product_tag":[],"_links":{"self":[{"href":"http:\/\/shopchothue.com\/index.php?rest_route=\/wp\/v2\/product\/3116"}],"collection":[{"href":"http:\/\/shopchothue.com\/index.php?rest_route=\/wp\/v2\/product"}],"about":[{"href":"http:\/\/shopchothue.com\/index.php?rest_route=\/wp\/v2\/types\/product"}],"wp:featuredmedia":[{"embeddable":true,"href":"http:\/\/shopchothue.com\/index.php?rest_route=\/wp\/v2\/media\/3117"}],"wp:attachment":[{"href":"http:\/\/shopchothue.com\/index.php?rest_route=%2Fwp%2Fv2%2Fmedia&parent=3116"}],"wp:term":[{"taxonomy":"product_cat","embeddable":true,"href":"http:\/\/shopchothue.com\/index.php?rest_route=%2Fwp%2Fv2%2Fproduct_cat&post=3116"},{"taxonomy":"product_tag","embeddable":true,"href":"http:\/\/shopchothue.com\/index.php?rest_route=%2Fwp%2Fv2%2Fproduct_tag&post=3116"}],"curies":[{"name":"wp","href":"https:\/\/api.w.org\/{rel}","templated":true}]}}