{"id":6247,"date":"2025-03-13T02:10:05","date_gmt":"2025-03-13T02:10:05","guid":{"rendered":"https:\/\/shopchothue.com\/?post_type=product&#038;p=6247"},"modified":"2025-03-13T02:10:05","modified_gmt":"2025-03-13T02:10:05","slug":"hoa-mua-40cm-co-3-mau","status":"publish","type":"product","link":"http:\/\/shopchothue.com\/?product=hoa-mua-40cm-co-3-mau","title":{"rendered":"Hoa M\u00faa 40cm c\u00f3 3 m\u00e0u"},"content":{"rendered":"<p><img loading=\"lazy\" class=\"alignnone size-medium wp-image-6248\" src=\"http:\/\/shopchothue.com\/wp-content\/uploads\/2025\/03\/HONG-34-CAI-DO-34-CAI-40CM-300x400.png\" alt=\"\" width=\"300\" height=\"400\" srcset=\"http:\/\/shopchothue.com\/wp-content\/uploads\/2025\/03\/HONG-34-CAI-DO-34-CAI-40CM-300x400.png 300w, http:\/\/shopchothue.com\/wp-content\/uploads\/2025\/03\/HONG-34-CAI-DO-34-CAI-40CM-510x680.png 510w, http:\/\/shopchothue.com\/wp-content\/uploads\/2025\/03\/HONG-34-CAI-DO-34-CAI-40CM.png 526w\" sizes=\"(max-width: 300px) 100vw, 300px\" \/><\/p>\n","protected":false},"excerpt":{"rendered":"","protected":false},"featured_media":6248,"template":"","meta":[],"product_cat":[67],"product_tag":[],"_links":{"self":[{"href":"http:\/\/shopchothue.com\/index.php?rest_route=\/wp\/v2\/product\/6247"}],"collection":[{"href":"http:\/\/shopchothue.com\/index.php?rest_route=\/wp\/v2\/product"}],"about":[{"href":"http:\/\/shopchothue.com\/index.php?rest_route=\/wp\/v2\/types\/product"}],"wp:featuredmedia":[{"embeddable":true,"href":"http:\/\/shopchothue.com\/index.php?rest_route=\/wp\/v2\/media\/6248"}],"wp:attachment":[{"href":"http:\/\/shopchothue.com\/index.php?rest_route=%2Fwp%2Fv2%2Fmedia&parent=6247"}],"wp:term":[{"taxonomy":"product_cat","embeddable":true,"href":"http:\/\/shopchothue.com\/index.php?rest_route=%2Fwp%2Fv2%2Fproduct_cat&post=6247"},{"taxonomy":"product_tag","embeddable":true,"href":"http:\/\/shopchothue.com\/index.php?rest_route=%2Fwp%2Fv2%2Fproduct_tag&post=6247"}],"curies":[{"name":"wp","href":"https:\/\/api.w.org\/{rel}","templated":true}]}}