{"id":6552,"date":"2026-01-19T05:18:19","date_gmt":"2026-01-19T05:18:19","guid":{"rendered":"https:\/\/shopchothue.com\/?post_type=product&#038;p=6552"},"modified":"2026-01-19T05:22:32","modified_gmt":"2026-01-19T05:22:32","slug":"ao-dai-cach-tan-gam-c1-c2","status":"publish","type":"product","link":"http:\/\/shopchothue.com\/?product=ao-dai-cach-tan-gam-c1-c2","title":{"rendered":"\u00c1o D\u00e0i C\u00e1ch T\u00e2n G\u1ea5m c1-c2"},"content":{"rendered":"<p><img loading=\"lazy\" class=\"alignnone size-medium wp-image-6553\" src=\"http:\/\/shopchothue.com\/wp-content\/uploads\/2026\/01\/c1-8com-8-hong-2vang-533x400.jpg\" alt=\"\" width=\"533\" height=\"400\" srcset=\"http:\/\/shopchothue.com\/wp-content\/uploads\/2026\/01\/c1-8com-8-hong-2vang-533x400.jpg 533w, http:\/\/shopchothue.com\/wp-content\/uploads\/2026\/01\/c1-8com-8-hong-2vang-1067x800.jpg 1067w, http:\/\/shopchothue.com\/wp-content\/uploads\/2026\/01\/c1-8com-8-hong-2vang-768x576.jpg 768w, http:\/\/shopchothue.com\/wp-content\/uploads\/2026\/01\/c1-8com-8-hong-2vang-1536x1152.jpg 1536w, http:\/\/shopchothue.com\/wp-content\/uploads\/2026\/01\/c1-8com-8-hong-2vang-2048x1536.jpg 2048w, http:\/\/shopchothue.com\/wp-content\/uploads\/2026\/01\/c1-8com-8-hong-2vang-510x383.jpg 510w\" sizes=\"(max-width: 533px) 100vw, 533px\" \/><\/p>\n","protected":false},"excerpt":{"rendered":"","protected":false},"featured_media":6553,"template":"","meta":[],"product_cat":[60,61,64],"product_tag":[],"_links":{"self":[{"href":"http:\/\/shopchothue.com\/index.php?rest_route=\/wp\/v2\/product\/6552"}],"collection":[{"href":"http:\/\/shopchothue.com\/index.php?rest_route=\/wp\/v2\/product"}],"about":[{"href":"http:\/\/shopchothue.com\/index.php?rest_route=\/wp\/v2\/types\/product"}],"wp:featuredmedia":[{"embeddable":true,"href":"http:\/\/shopchothue.com\/index.php?rest_route=\/wp\/v2\/media\/6553"}],"wp:attachment":[{"href":"http:\/\/shopchothue.com\/index.php?rest_route=%2Fwp%2Fv2%2Fmedia&parent=6552"}],"wp:term":[{"taxonomy":"product_cat","embeddable":true,"href":"http:\/\/shopchothue.com\/index.php?rest_route=%2Fwp%2Fv2%2Fproduct_cat&post=6552"},{"taxonomy":"product_tag","embeddable":true,"href":"http:\/\/shopchothue.com\/index.php?rest_route=%2Fwp%2Fv2%2Fproduct_tag&post=6552"}],"curies":[{"name":"wp","href":"https:\/\/api.w.org\/{rel}","templated":true}]}}