{"id":848,"date":"2022-03-24T09:06:35","date_gmt":"2022-03-24T09:06:35","guid":{"rendered":"https:\/\/shopchothue.com\/?post_type=product&#038;p=848"},"modified":"2022-03-24T09:06:35","modified_gmt":"2022-03-24T09:06:35","slug":"ao-dai-cach-tan-nu-31","status":"publish","type":"product","link":"http:\/\/shopchothue.com\/?product=ao-dai-cach-tan-nu-31","title":{"rendered":"\u00c1o D\u00e0i C\u00e1ch T\u00e2n N\u1eef 31"},"content":{"rendered":"<p><img loading=\"lazy\" class=\"alignnone size-medium wp-image-849\" src=\"http:\/\/shopchothue.com\/wp-content\/uploads\/2022\/03\/31-300x400.jpg\" alt=\"\" width=\"300\" height=\"400\" srcset=\"http:\/\/shopchothue.com\/wp-content\/uploads\/2022\/03\/31-300x400.jpg 300w, http:\/\/shopchothue.com\/wp-content\/uploads\/2022\/03\/31-600x800.jpg 600w, http:\/\/shopchothue.com\/wp-content\/uploads\/2022\/03\/31-768x1024.jpg 768w, http:\/\/shopchothue.com\/wp-content\/uploads\/2022\/03\/31-510x680.jpg 510w, http:\/\/shopchothue.com\/wp-content\/uploads\/2022\/03\/31.jpg 960w\" sizes=\"(max-width: 300px) 100vw, 300px\" \/><\/p>\n","protected":false},"excerpt":{"rendered":"<p>\u00c1o D\u00e0i C\u00e1ch T\u00e2n N\u1eef 31<\/p>\n<p>Ch\u1ea5t v\u1ea3i:l\u1ee5a<\/p>\n<p>gi\u00e1 thu\u00ea :100k\/ b\u1ed9<\/p>\n","protected":false},"featured_media":849,"template":"","meta":[],"product_cat":[60,61],"product_tag":[],"_links":{"self":[{"href":"http:\/\/shopchothue.com\/index.php?rest_route=\/wp\/v2\/product\/848"}],"collection":[{"href":"http:\/\/shopchothue.com\/index.php?rest_route=\/wp\/v2\/product"}],"about":[{"href":"http:\/\/shopchothue.com\/index.php?rest_route=\/wp\/v2\/types\/product"}],"wp:featuredmedia":[{"embeddable":true,"href":"http:\/\/shopchothue.com\/index.php?rest_route=\/wp\/v2\/media\/849"}],"wp:attachment":[{"href":"http:\/\/shopchothue.com\/index.php?rest_route=%2Fwp%2Fv2%2Fmedia&parent=848"}],"wp:term":[{"taxonomy":"product_cat","embeddable":true,"href":"http:\/\/shopchothue.com\/index.php?rest_route=%2Fwp%2Fv2%2Fproduct_cat&post=848"},{"taxonomy":"product_tag","embeddable":true,"href":"http:\/\/shopchothue.com\/index.php?rest_route=%2Fwp%2Fv2%2Fproduct_tag&post=848"}],"curies":[{"name":"wp","href":"https:\/\/api.w.org\/{rel}","templated":true}]}}