{"id":877,"date":"2022-03-24T09:43:59","date_gmt":"2022-03-24T09:43:59","guid":{"rendered":"https:\/\/shopchothue.com\/?post_type=product&#038;p=877"},"modified":"2022-03-24T09:43:59","modified_gmt":"2022-03-24T09:43:59","slug":"ao-dai-cach-tan-nu-45","status":"publish","type":"product","link":"http:\/\/shopchothue.com\/?product=ao-dai-cach-tan-nu-45","title":{"rendered":"\u00c1o D\u00e0i C\u00e1ch T\u00e2n N\u1eef 45"},"content":{"rendered":"<p><img loading=\"lazy\" class=\"alignnone size-medium wp-image-878\" src=\"http:\/\/shopchothue.com\/wp-content\/uploads\/2022\/03\/45-459x400.jpg\" alt=\"\" width=\"459\" height=\"400\" srcset=\"http:\/\/shopchothue.com\/wp-content\/uploads\/2022\/03\/45-459x400.jpg 459w, http:\/\/shopchothue.com\/wp-content\/uploads\/2022\/03\/45-919x800.jpg 919w, http:\/\/shopchothue.com\/wp-content\/uploads\/2022\/03\/45-768x669.jpg 768w, http:\/\/shopchothue.com\/wp-content\/uploads\/2022\/03\/45-510x444.jpg 510w, http:\/\/shopchothue.com\/wp-content\/uploads\/2022\/03\/45.jpg 960w\" sizes=\"(max-width: 459px) 100vw, 459px\" \/><\/p>\n","protected":false},"excerpt":{"rendered":"<p>\u00c1o D\u00e0i C\u00e1ch T\u00e2n N\u1eef 45<\/p>\n<p>Ch\u1ea5t v\u1ea3i:<\/p>\n<p>gi\u00e1 thu\u00ea :150k\/ b\u1ed9<\/p>\n","protected":false},"featured_media":878,"template":"","meta":[],"product_cat":[60,61],"product_tag":[],"_links":{"self":[{"href":"http:\/\/shopchothue.com\/index.php?rest_route=\/wp\/v2\/product\/877"}],"collection":[{"href":"http:\/\/shopchothue.com\/index.php?rest_route=\/wp\/v2\/product"}],"about":[{"href":"http:\/\/shopchothue.com\/index.php?rest_route=\/wp\/v2\/types\/product"}],"wp:featuredmedia":[{"embeddable":true,"href":"http:\/\/shopchothue.com\/index.php?rest_route=\/wp\/v2\/media\/878"}],"wp:attachment":[{"href":"http:\/\/shopchothue.com\/index.php?rest_route=%2Fwp%2Fv2%2Fmedia&parent=877"}],"wp:term":[{"taxonomy":"product_cat","embeddable":true,"href":"http:\/\/shopchothue.com\/index.php?rest_route=%2Fwp%2Fv2%2Fproduct_cat&post=877"},{"taxonomy":"product_tag","embeddable":true,"href":"http:\/\/shopchothue.com\/index.php?rest_route=%2Fwp%2Fv2%2Fproduct_tag&post=877"}],"curies":[{"name":"wp","href":"https:\/\/api.w.org\/{rel}","templated":true}]}}