{"id":1391,"date":"2022-03-29T08:00:43","date_gmt":"2022-03-29T08:00:43","guid":{"rendered":"https:\/\/shopchothue.com\/?page_id=1391"},"modified":"2025-01-08T03:55:22","modified_gmt":"2025-01-08T03:55:22","slug":"qui-dinh-thue","status":"publish","type":"page","link":"https:\/\/shopchothue.com\/?page_id=1391","title":{"rendered":"Quy \u0111\u1ecbnh thu\u00ea"},"content":{"rendered":"<div style=\"padding: 20px;\">\n  <div id=\"page-header-1090551534\" class=\"page-header-wrapper\">\n  <div class=\"page-title dv-block-header dark featured-title\">\n\n        <div class=\"page-title-bg\">\n      <div class=\"title-bg fill bg-fill\"\n        data-parallax-container=\".page-title\"\n        data-parallax-background\n        data-parallax=\"-\">\n      <\/div>\n      <div class=\"title-overlay fill\"><\/div>\n    <\/div>\n    \n    <div class=\"page-title-inner container align-center text-center flex-row-col medium-flex-wrap\" >\n              <div class=\"title-wrapper flex-col\">\n          <h1 class=\"entry-title mb-0\">\n            Quy \u0111\u1ecbnh thu\u00ea          <\/h1>\n        <\/div>\n                    <div class=\"title-content flex-col\">\n        <div class=\"title-breadcrumbs pb-half pt-half\"><nav class=\"woocommerce-breadcrumb breadcrumbs \">Trang ch\u1ee7<\/nav><\/div>      <\/div>\n    <\/div>\n\n     \n<style>\n#page-header-1090551534 .page-title-inner {\n  min-height: 200px;\n}\n#page-header-1090551534 .title-bg {\n  background-image: url(https:\/\/shopchothue.com\/wp-content\/uploads\/2021\/07\/cate-1.jpg);\n  background-position: 52% 52%;\n}\n<\/style>\n  <\/div>\n    <\/div>\n  \n<div class=\"row dv-content-child\"  id=\"row-433852257\">\n\n\t<div id=\"col-676719788\" class=\"col medium-9 small-12 large-9\"  >\n\t\t<div class=\"col-inner\"  >\n\t\t\t\n\t\t\t\n<div class=\"text showText\">\n<h1>QUY \u0110\u1ecaNH THU\u00ca<\/h1>\n<h2>I. Th\u1ee7 t\u1ee5c thu\u00ea<\/h2>\n<h3>1. \u0110\u1eb7t h\u00e0ng ch\u01b0a \u0111\u1ebfn ng\u00e0y di\u1ec5n:<\/h3>\n<p>&#8211; Qu\u00fd kh\u00e1ch \u0111\u1eb7t c\u1ecdc 50% gi\u00e1 tr\u1ecb \u0111\u01a1n h\u00e0ng \u0111\u1ec3 shop gi\u1eef \u0111\u00fang s\u1ed1 l\u01b0\u1ee3ng trang ph\u1ee5c qu\u00fd kh\u00e1ch \u0111\u1eb7t v\u00e0o \u0111\u00fang ng\u00e0y qu\u00fd kh\u00e1ch c\u1ea7n.<br \/>\n&#8211; Trong tr\u01b0\u1eddng h\u1ee3p \u0111\u00e3 \u0111\u1eb7t c\u1ecdc ch\u00fang t\u00f4i s\u1ebd kh\u00f4ng ho\u00e0n tr\u1ea3 ti\u1ec1n c\u1ecdc:khi ch\u01b0\u01a1ng tr\u00ecnh c\u1ee7a qu\u00fd kh\u00e1ch b\u1ecb h\u1ee7y, \u0111\u1ed5i m\u1eabu, b\u1ea5t k\u1ef3 l\u00ed do g\u00ec.<\/p>\n<h3>2. Nh\u1eadn \u0111\u1ed3 di\u1ec5n:<\/h3>\n<p>&#8211; Khi thu\u00ea \u0111\u1ed3 t\u1ea1i trang ph\u1ee5c NT , Qu\u00fd kh\u00e1ch ph\u1ea3i thanh to\u00e1n 100% gi\u00e1 tr\u1ecb ti\u1ec1n thu\u00ea v\u00e0 th\u1ebf ch\u00e2n gi\u1ea5y t\u1edd ho\u1eb7c ti\u1ec1n c\u1ecdc. Nh\u1eefng gi\u1ea5y t\u1edd th\u1ebf ch\u00e2n \u0111\u01b0\u1ee3c ch\u1ea5p nh\u1eadn.: Gi\u1ea5y CCCD, H\u1ed9 chi\u1ebfu, th\u1ebb h\u1ecdc sinh \u2013 sinh vi\u00ean, gi\u1ea5y t\u1edd xe, gi\u1ea5y ph\u00e9p l\u00e1i xe.<\/p>\n<h3>3. Ch\u00fa \u00fd:<\/h3>\n<p>&#8211; Qu\u00fd kh\u00e1ch kh\u00f4ng mang gi\u1ea5y t\u1edd th\u1ebf ch\u00e2n: \u201c \u0110\u1eb7t c\u1ecdc 100% gi\u00e1 tr\u1ecb b\u00e1n t\u1eebng s\u1ea3n ph\u1ea9m thu\u00ea\u201d. Khi tr\u1ea3 s\u1ebd nh\u1eadn l\u1ea1i ph\u1ea7n ti\u1ec1n d\u01b0.<br \/>\n&#8211; Qu\u00fd kh\u00e1ch \u0111\u00e3 \u0111em trang ph\u1ee5c ra kh\u1ecfi c\u1eeda h\u00e0ng, ch\u00fang t\u00f4i s\u1eb5n s\u00e0ng \u0111\u1ed5i size n\u1ebfu kh\u00f4ng v\u1eeba ( ch\u1ec9 l\u1ef1a ch\u1ecdn nh\u1eefng size c\u00f2n l\u1ea1i t\u1ea1i c\u1eeda h\u00e0ng) nh\u01b0ng kh\u00f4ng ch\u1ea5p nh\u1eadn tr\u01b0\u1eddng h\u1ee3p qu\u00fd kh\u00e1ch mu\u1ed1n tr\u1ea3 l\u1ea1i \u0111\u1ed3 l\u1ea5y l\u1ea1i ti\u1ec1n, ho\u1eb7c \u0111\u1ed5i m\u1eabu v\u1edbi b\u1ea5t k\u1ef3 l\u00ed do n\u00e0o<\/p>\n<h2>II. Th\u1eddi gian l\u00e0m vi\u1ec7c<\/h2>\n<p>Shop l\u00e0m vi\u1ec7c t\u1eeb: Th\u1ee9 2 \u2013 Th\u1ee9 7 \u201c 8g00 \u2013 19g00 \u201c.<br \/>\n&#8211; Th\u1eddi gian thu\u00ea \u0111\u01b0\u1ee3c t\u00ednh theo \u201cG\u00f3i d\u1ecbch v\u1ee5 3 ng\u00e0y t\u00ednh ti\u1ec1n 1 ng\u00e0y\u201d. T\u1eeb ng\u00e0y nh\u1eadn \u0111\u1ed3 kh\u00f4ng t\u00ednh s\u00e1ng hay chi\u1ec1u.<br \/>\n&#8211; N\u1ebfu qu\u00e1 th\u1eddi gian tr\u1ea3 \u0111\u1ed3, trang ph\u1ee5c NT s\u1ebd t\u00ednh th\u00eam ph\u00ed ph\u1ee5 thu tr\u1ec5, c\u0103n c\u1ee9 v\u00e0o s\u1ed1 ng\u00e0y tr\u1ec5.<\/p>\n<p>a. Tr\u1ec5 1 ng\u00e0y: + 30% gi\u00e1 tr\u1ecb \u0111\u01a1n h\u00e0ng<br \/>\nb. Tr\u1ec5 2 ng\u00e0y: + 50% gi\u00e1 tr\u1ecb \u0111\u01a1n h\u00e0ng<br \/>\nc. Tr\u1ec5 3 ng\u00e0y: + 80% gi\u00e1 tr\u1ecb \u0111\u01a1n h\u00e0ng<br \/>\nd. Tr\u1ec5 4 ng\u00e0y: + 100% gi\u00e1 tr\u1ecb \u0111\u01a1n h\u00e0ng<\/p>\n<p>V\u00ed D\u1ee5: Thu\u00ea 14\/10\/2016 ng\u00e0y tr\u1ea3 l\u00e0 16\/10\/2016.(trong gi\u1edd l\u00e0m vi\u1ec7c)<\/p>\n<h2>III. Tr\u00e1ch nhi\u1ec7m b\u00ean thu\u00ea<\/h2>\n<p>&#8211; Qu\u00fd kh\u00e1ch ki\u1ec3m tra k\u1ef9 trang ph\u1ee5c, \u0111\u1ea1o c\u1ee5, ph\u1ee5 ki\u1ec7n \u0111\u00ednh k\u00e8m khi nh\u1eadn s\u1ea3n ph\u1ea9m. Shop s\u1ebd kh\u00f4ng ch\u1ecbu tr\u00e1ch nhi\u1ec7m nh\u01b0 thi\u1ebfu s\u1ed1 l\u01b0\u1ee3ng, h\u01b0 h\u1ecfng\u2026sau khi b\u00e0n giao.<br \/>\n&#8211; Trong th\u1eddi gian s\u1eed d\u1ee5ng, Qu\u00fd kh\u00e1ch c\u00f3 tr\u00e1ch nhi\u1ec7m b\u1ea3o qu\u1ea3n t\u1ed1t nh\u01b0 khi \u0111\u01b0\u1ee3c giao. M\u1ecdi ph\u00e1t sinh nh\u01b0 h\u01b0 h\u1ecfng, r\u00e1ch, s\u1eddn v\u1ea3i, lem m\u00e0u, sai kh\u00e1c ki\u1ec3u d\u00e1ng ban \u0111\u1ea7u, thi\u1ebfu s\u1ed1 l\u01b0\u1ee3ng, d\u00ednh b\u1ea9n nhi\u1ec1u (Qu\u00fd kh\u00e1ch ph\u1ea3i t\u1ef1 gi\u1eb7t ho\u1eb7c t\u00ednh ph\u1ee5 thu gi\u1eb7t ) n\u1ebfu kh\u00f4ng th\u1ec3 kh\u1eafc ph\u1ee5c\u2026Qu\u00fd kh\u00e1ch ph\u1ea3i b\u1ed3i ho\u00e0n gi\u00e1 tr\u1ecb t\u1eebng s\u1ea3n ph\u1ea9m.<\/p>\n<p>&nbsp;<\/p>\n<div>\n<p><strong><u>M\u1eccI CHI TI\u1ebeT XIN LI\u00caN H\u1ec6:<\/u><\/strong><\/p>\n<p><strong>\u0110\u1ecba ch\u1ec9:<\/strong> 116\/37 Thi\u00ean Ph\u01b0\u1edbc, Ph\u01b0\u1eddng 9, T\u00e2n B\u00ecnh, TPHCM<br \/>\n<strong>\u0110i\u1ec7n tho\u1ea1i:<\/strong>\u00a00798 296 676<br \/>\n<strong>Website:\u00a0<\/strong>shopchothue.com<\/p>\n<p><strong>Email:\u00a0<\/strong>chothuetrangphucnt@gmail.com<\/p>\n<p><strong>Fanpage:<\/strong> facebook.com\/Thu\u00ea trang ph\u1ee5c \u0111\u1eb9p gi\u00e1 r\u1ebb<\/p>\n<\/div>\n<\/div>\n\t\t<\/div>\n\t\t\t<\/div>\n\n\t\n\n\t<div id=\"col-1020865279\" class=\"col medium-3 small-12 large-3\"  >\n\t\t<div class=\"col-inner\"  >\n\t\t\t\n\t\t\t\n<ul class=\"sidebar-wrapper ul-reset widgets-framed\"><aside id=\"block-3\" class=\"widget widget_block\"><\/aside><aside id=\"block-2\" class=\"widget widget_block\"><\/aside><aside id=\"woocommerce_product_categories-14\" class=\"widget woocommerce widget_product_categories\"><span class=\"widget-title \"><span>Danh m\u1ee5c s\u1ea3n ph\u1ea9m<\/span><\/span><div class=\"is-divider small\"><\/div><ul class=\"product-categories\"><li class=\"cat-item cat-item-60 cat-parent\"><a href=\"https:\/\/shopchothue.com\/?product_cat=ao-dai\">\u00c1o d\u00e0i<\/a><ul class='children'>\n<li class=\"cat-item cat-item-63\"><a href=\"https:\/\/shopchothue.com\/?product_cat=ao-dai-cap\">\u00c1o D\u00e0i C\u1eb7p<\/a><\/li>\n<li class=\"cat-item cat-item-62\"><a href=\"https:\/\/shopchothue.com\/?product_cat=ao-dai-nam\">\u00c1o d\u00e0i nam<\/a><\/li>\n<li class=\"cat-item cat-item-61\"><a href=\"https:\/\/shopchothue.com\/?product_cat=ao-dai-nu\">\u00c1o d\u00e0i n\u1eef<\/a><\/li>\n<li class=\"cat-item cat-item-64\"><a href=\"https:\/\/shopchothue.com\/?product_cat=ao-dai-tre-em\">\u00c1o D\u00e0i Tr\u1ebb Em<\/a><\/li>\n<\/ul>\n<\/li>\n<li class=\"cat-item cat-item-59\"><a href=\"https:\/\/shopchothue.com\/?product_cat=ba-ba\">B\u00e0 ba<\/a><\/li>\n<li class=\"cat-item cat-item-71\"><a href=\"https:\/\/shopchothue.com\/?product_cat=bo-doi-hai-quan-linh-phap-my\">B\u1ed9 \u0110\u1ed9i-H\u1ea3i Qu\u00e2n-L\u00ednh Ph\u00e1p, M\u1ef9<\/a><\/li>\n<li class=\"cat-item cat-item-67\"><a href=\"https:\/\/shopchothue.com\/?product_cat=dao-cu-phu-kien\">\u0110\u1ea1o C\u1ee5 - Ph\u1ee5 Ki\u1ec7n<\/a><\/li>\n<li class=\"cat-item cat-item-56\"><a href=\"https:\/\/shopchothue.com\/?product_cat=hoa-trang\">Ho\u00e1 trang-Halloween<\/a><\/li>\n<li class=\"cat-item cat-item-26\"><a href=\"https:\/\/shopchothue.com\/?product_cat=phu-kien\">M\u1ed9t s\u1ed1 ph\u1ee5 ki\u1ec7n kh\u00e1c<\/a><\/li>\n<li class=\"cat-item cat-item-165 cat-parent\"><a href=\"https:\/\/shopchothue.com\/?product_cat=noel\">Noel<\/a><ul class='children'>\n<li class=\"cat-item cat-item-166\"><a href=\"https:\/\/shopchothue.com\/?product_cat=noel-noel\">Noel<\/a><\/li>\n<\/ul>\n<\/li>\n<li class=\"cat-item cat-item-65\"><a href=\"https:\/\/shopchothue.com\/?product_cat=au-lac\">Trang Ph\u1ee5c \u00c2u l\u1ea1c<\/a><\/li>\n<li class=\"cat-item cat-item-68\"><a href=\"https:\/\/shopchothue.com\/?product_cat=trang-phuc-cac-nuoc\">Trang Ph\u1ee5c C\u00e1c N\u01b0\u1edbc<\/a><\/li>\n<li class=\"cat-item cat-item-58 cat-parent\"><a href=\"https:\/\/shopchothue.com\/?product_cat=trang-phuc-co-trang\">Trang Ph\u1ee5c C\u1ed5 Trang<\/a><ul class='children'>\n<li class=\"cat-item cat-item-73\"><a href=\"https:\/\/shopchothue.com\/?product_cat=co-trang-viet-nam\">C\u1ed5 Trang Vi\u1ec7t Nam<\/a><\/li>\n<\/ul>\n<\/li>\n<li class=\"cat-item cat-item-72\"><a href=\"https:\/\/shopchothue.com\/?product_cat=trang-phuc-dan-toc\">Trang Ph\u1ee5c D\u00e2n T\u1ed9c<\/a><\/li>\n<li class=\"cat-item cat-item-57\"><a href=\"https:\/\/shopchothue.com\/?product_cat=tu-than\">T\u1ee9 th\u00e2n<\/a><\/li>\n<li class=\"cat-item cat-item-66\"><a href=\"https:\/\/shopchothue.com\/?product_cat=vay-bong\">V\u00e1y b\u1ed3ng - V\u00e1y M\u00faa - C\u1ed5 V\u0169<\/a><\/li>\n<\/ul><\/aside>\n\t\t<aside id=\"recent-posts-2\" class=\"widget widget_recent_entries\">\n\t\t<span class=\"widget-title \"><span>B\u00e0i vi\u1ebft m\u1edbi<\/span><\/span><div class=\"is-divider small\"><\/div>\n\t\t<ul>\n\t\t\t\t\t\t\t\t\t\t\t<li>\n\t\t\t\t\t<a href=\"https:\/\/shopchothue.com\/?p=6594\">Tea Leaf Twist Gaming House: The Gateway to Premium Playing Excellence<\/a>\n\t\t\t\t\t\t\t\t\t\t\t<span class=\"post-date\">13\/02\/2026<\/span>\n\t\t\t\t\t\t\t\t\t<\/li>\n\t\t\t\t\t\t\t\t\t\t\t<li>\n\t\t\t\t\t<a href=\"https:\/\/shopchothue.com\/?p=6592\">Get Lucky Casino: Jouw Bestemming voor Premium Online Entertainment<\/a>\n\t\t\t\t\t\t\t\t\t\t\t<span class=\"post-date\">13\/02\/2026<\/span>\n\t\t\t\t\t\t\t\t\t<\/li>\n\t\t\t\t\t\t\t\t\t\t\t<li>\n\t\t\t\t\t<a href=\"https:\/\/shopchothue.com\/?p=6590\">Conmemora la Costumbre del 6 de Enero en #casinobrand#<\/a>\n\t\t\t\t\t\t\t\t\t\t\t<span class=\"post-date\">13\/02\/2026<\/span>\n\t\t\t\t\t\t\t\t\t<\/li>\n\t\t\t\t\t<\/ul>\n\n\t\t<\/aside><\/ul>\n\t\t<\/div>\n\t\t\t<\/div>\n\n\t\n\n<style>\n#row-433852257 > .col > .col-inner {\n  padding: 30px 0px 0px 0px;\n}\n<\/style>\n<\/div>\n<\/div>\n","protected":false},"excerpt":{"rendered":"","protected":false},"author":1,"featured_media":0,"parent":0,"menu_order":0,"comment_status":"closed","ping_status":"closed","template":"","meta":[],"_links":{"self":[{"href":"https:\/\/shopchothue.com\/index.php?rest_route=\/wp\/v2\/pages\/1391"}],"collection":[{"href":"https:\/\/shopchothue.com\/index.php?rest_route=\/wp\/v2\/pages"}],"about":[{"href":"https:\/\/shopchothue.com\/index.php?rest_route=\/wp\/v2\/types\/page"}],"author":[{"embeddable":true,"href":"https:\/\/shopchothue.com\/index.php?rest_route=\/wp\/v2\/users\/1"}],"replies":[{"embeddable":true,"href":"https:\/\/shopchothue.com\/index.php?rest_route=%2Fwp%2Fv2%2Fcomments&post=1391"}],"version-history":[{"count":9,"href":"https:\/\/shopchothue.com\/index.php?rest_route=\/wp\/v2\/pages\/1391\/revisions"}],"predecessor-version":[{"id":6197,"href":"https:\/\/shopchothue.com\/index.php?rest_route=\/wp\/v2\/pages\/1391\/revisions\/6197"}],"wp:attachment":[{"href":"https:\/\/shopchothue.com\/index.php?rest_route=%2Fwp%2Fv2%2Fmedia&parent=1391"}],"curies":[{"name":"wp","href":"https:\/\/api.w.org\/{rel}","templated":true}]}}