{"id":1044,"date":"2022-03-25T08:58:06","date_gmt":"2022-03-25T08:58:06","guid":{"rendered":"https:\/\/shopchothue.com\/?post_type=product&#038;p=1044"},"modified":"2022-03-25T08:58:06","modified_gmt":"2022-03-25T08:58:06","slug":"ao-dai-nam-cach-tan-5","status":"publish","type":"product","link":"https:\/\/shopchothue.com\/?product=ao-dai-nam-cach-tan-5","title":{"rendered":"\u00c1o D\u00e0i Nam C\u00e1ch T\u00e2n 5"},"content":{"rendered":"<p><img loading=\"lazy\" class=\"alignnone size-medium wp-image-1045\" src=\"http:\/\/shopchothue.com\/wp-content\/uploads\/2022\/03\/3562cc793e8fcdd1949e-533x400.jpg\" alt=\"\" width=\"533\" height=\"400\" srcset=\"https:\/\/shopchothue.com\/wp-content\/uploads\/2022\/03\/3562cc793e8fcdd1949e-533x400.jpg 533w, https:\/\/shopchothue.com\/wp-content\/uploads\/2022\/03\/3562cc793e8fcdd1949e-1067x800.jpg 1067w, https:\/\/shopchothue.com\/wp-content\/uploads\/2022\/03\/3562cc793e8fcdd1949e-768x576.jpg 768w, https:\/\/shopchothue.com\/wp-content\/uploads\/2022\/03\/3562cc793e8fcdd1949e-1536x1152.jpg 1536w, https:\/\/shopchothue.com\/wp-content\/uploads\/2022\/03\/3562cc793e8fcdd1949e-2048x1536.jpg 2048w, https:\/\/shopchothue.com\/wp-content\/uploads\/2022\/03\/3562cc793e8fcdd1949e-510x383.jpg 510w\" sizes=\"(max-width: 533px) 100vw, 533px\" \/><\/p>\n","protected":false},"excerpt":{"rendered":"<p>\u00c1o d\u00e0i nam c\u00e1ch t\u00e2n<\/p>\n<p>120k\/ \u00e1o free size<\/p>\n","protected":false},"featured_media":1045,"template":"","meta":[],"product_cat":[60,62],"product_tag":[],"_links":{"self":[{"href":"https:\/\/shopchothue.com\/index.php?rest_route=\/wp\/v2\/product\/1044"}],"collection":[{"href":"https:\/\/shopchothue.com\/index.php?rest_route=\/wp\/v2\/product"}],"about":[{"href":"https:\/\/shopchothue.com\/index.php?rest_route=\/wp\/v2\/types\/product"}],"wp:featuredmedia":[{"embeddable":true,"href":"https:\/\/shopchothue.com\/index.php?rest_route=\/wp\/v2\/media\/1045"}],"wp:attachment":[{"href":"https:\/\/shopchothue.com\/index.php?rest_route=%2Fwp%2Fv2%2Fmedia&parent=1044"}],"wp:term":[{"taxonomy":"product_cat","embeddable":true,"href":"https:\/\/shopchothue.com\/index.php?rest_route=%2Fwp%2Fv2%2Fproduct_cat&post=1044"},{"taxonomy":"product_tag","embeddable":true,"href":"https:\/\/shopchothue.com\/index.php?rest_route=%2Fwp%2Fv2%2Fproduct_tag&post=1044"}],"curies":[{"name":"wp","href":"https:\/\/api.w.org\/{rel}","templated":true}]}}