{"id":1495,"date":"2022-03-30T11:30:29","date_gmt":"2022-03-30T11:30:29","guid":{"rendered":"http:\/\/shopchothue.com\/?post_type=product&#038;p=1495"},"modified":"2025-08-28T09:32:08","modified_gmt":"2025-08-28T09:32:08","slug":"canh-mai-canh-dao","status":"publish","type":"product","link":"https:\/\/shopchothue.com\/?product=canh-mai-canh-dao","title":{"rendered":"C\u00e0nh Mai-C\u00e0nh \u0110\u00e0o"},"content":{"rendered":"<p><img loading=\"lazy\" class=\"alignnone size-medium wp-image-1496\" src=\"http:\/\/shopchothue.com\/wp-content\/uploads\/2022\/03\/2029954f606e9030c97f-300x400.jpg\" alt=\"\" width=\"300\" height=\"400\" srcset=\"https:\/\/shopchothue.com\/wp-content\/uploads\/2022\/03\/2029954f606e9030c97f-300x400.jpg 300w, https:\/\/shopchothue.com\/wp-content\/uploads\/2022\/03\/2029954f606e9030c97f-600x800.jpg 600w, https:\/\/shopchothue.com\/wp-content\/uploads\/2022\/03\/2029954f606e9030c97f-768x1024.jpg 768w, https:\/\/shopchothue.com\/wp-content\/uploads\/2022\/03\/2029954f606e9030c97f-510x680.jpg 510w, https:\/\/shopchothue.com\/wp-content\/uploads\/2022\/03\/2029954f606e9030c97f.jpg 960w\" sizes=\"(max-width: 300px) 100vw, 300px\" \/> <img loading=\"lazy\" class=\"alignnone size-medium wp-image-1497\" src=\"http:\/\/shopchothue.com\/wp-content\/uploads\/2022\/03\/z2193543543431_468d1d823410c04eedc55ff12da928e7-300x400.jpg\" alt=\"\" width=\"300\" height=\"400\" srcset=\"https:\/\/shopchothue.com\/wp-content\/uploads\/2022\/03\/z2193543543431_468d1d823410c04eedc55ff12da928e7-300x400.jpg 300w, https:\/\/shopchothue.com\/wp-content\/uploads\/2022\/03\/z2193543543431_468d1d823410c04eedc55ff12da928e7-600x800.jpg 600w, https:\/\/shopchothue.com\/wp-content\/uploads\/2022\/03\/z2193543543431_468d1d823410c04eedc55ff12da928e7-768x1024.jpg 768w, https:\/\/shopchothue.com\/wp-content\/uploads\/2022\/03\/z2193543543431_468d1d823410c04eedc55ff12da928e7-510x680.jpg 510w, https:\/\/shopchothue.com\/wp-content\/uploads\/2022\/03\/z2193543543431_468d1d823410c04eedc55ff12da928e7.jpg 960w\" sizes=\"(max-width: 300px) 100vw, 300px\" \/><\/p>\n","protected":false},"excerpt":{"rendered":"","protected":false},"featured_media":1497,"template":"","meta":[],"product_cat":[67],"product_tag":[],"_links":{"self":[{"href":"https:\/\/shopchothue.com\/index.php?rest_route=\/wp\/v2\/product\/1495"}],"collection":[{"href":"https:\/\/shopchothue.com\/index.php?rest_route=\/wp\/v2\/product"}],"about":[{"href":"https:\/\/shopchothue.com\/index.php?rest_route=\/wp\/v2\/types\/product"}],"wp:featuredmedia":[{"embeddable":true,"href":"https:\/\/shopchothue.com\/index.php?rest_route=\/wp\/v2\/media\/1497"}],"wp:attachment":[{"href":"https:\/\/shopchothue.com\/index.php?rest_route=%2Fwp%2Fv2%2Fmedia&parent=1495"}],"wp:term":[{"taxonomy":"product_cat","embeddable":true,"href":"https:\/\/shopchothue.com\/index.php?rest_route=%2Fwp%2Fv2%2Fproduct_cat&post=1495"},{"taxonomy":"product_tag","embeddable":true,"href":"https:\/\/shopchothue.com\/index.php?rest_route=%2Fwp%2Fv2%2Fproduct_tag&post=1495"}],"curies":[{"name":"wp","href":"https:\/\/api.w.org\/{rel}","templated":true}]}}