{"id":4801,"date":"2023-12-21T04:39:41","date_gmt":"2023-12-21T04:39:41","guid":{"rendered":"https:\/\/shopchothue.com\/?post_type=product&#038;p=4801"},"modified":"2023-12-21T04:39:42","modified_gmt":"2023-12-21T04:39:42","slug":"ao-dai-cach-tan-129","status":"publish","type":"product","link":"https:\/\/shopchothue.com\/?product=ao-dai-cach-tan-129","title":{"rendered":"\u00c1o D\u00e0i C\u00e1ch T\u00e2n 129"},"content":{"rendered":"<p><img loading=\"lazy\" src=\"http:\/\/shopchothue.com\/wp-content\/uploads\/2023\/12\/z4871706208279_961dd22f081129b49170216e03247d6d-298x400.jpg\" alt=\"\" width=\"298\" height=\"400\" class=\"alignnone size-medium wp-image-4802\" srcset=\"https:\/\/shopchothue.com\/wp-content\/uploads\/2023\/12\/z4871706208279_961dd22f081129b49170216e03247d6d-298x400.jpg 298w, https:\/\/shopchothue.com\/wp-content\/uploads\/2023\/12\/z4871706208279_961dd22f081129b49170216e03247d6d-595x800.jpg 595w, https:\/\/shopchothue.com\/wp-content\/uploads\/2023\/12\/z4871706208279_961dd22f081129b49170216e03247d6d-768x1033.jpg 768w, https:\/\/shopchothue.com\/wp-content\/uploads\/2023\/12\/z4871706208279_961dd22f081129b49170216e03247d6d-510x686.jpg 510w, https:\/\/shopchothue.com\/wp-content\/uploads\/2023\/12\/z4871706208279_961dd22f081129b49170216e03247d6d.jpg 952w\" sizes=\"(max-width: 298px) 100vw, 298px\" \/><\/p>\n","protected":false},"excerpt":{"rendered":"","protected":false},"featured_media":4802,"template":"","meta":[],"product_cat":[60,61],"product_tag":[],"_links":{"self":[{"href":"https:\/\/shopchothue.com\/index.php?rest_route=\/wp\/v2\/product\/4801"}],"collection":[{"href":"https:\/\/shopchothue.com\/index.php?rest_route=\/wp\/v2\/product"}],"about":[{"href":"https:\/\/shopchothue.com\/index.php?rest_route=\/wp\/v2\/types\/product"}],"wp:featuredmedia":[{"embeddable":true,"href":"https:\/\/shopchothue.com\/index.php?rest_route=\/wp\/v2\/media\/4802"}],"wp:attachment":[{"href":"https:\/\/shopchothue.com\/index.php?rest_route=%2Fwp%2Fv2%2Fmedia&parent=4801"}],"wp:term":[{"taxonomy":"product_cat","embeddable":true,"href":"https:\/\/shopchothue.com\/index.php?rest_route=%2Fwp%2Fv2%2Fproduct_cat&post=4801"},{"taxonomy":"product_tag","embeddable":true,"href":"https:\/\/shopchothue.com\/index.php?rest_route=%2Fwp%2Fv2%2Fproduct_tag&post=4801"}],"curies":[{"name":"wp","href":"https:\/\/api.w.org\/{rel}","templated":true}]}}