{"id":6538,"date":"2025-12-24T02:15:40","date_gmt":"2025-12-24T02:15:40","guid":{"rendered":"https:\/\/shopchothue.com\/?post_type=product&#038;p=6538"},"modified":"2025-12-24T02:15:40","modified_gmt":"2025-12-24T02:15:40","slug":"ao-dai-cach-tan-nu-phoi-ren-hong","status":"publish","type":"product","link":"https:\/\/shopchothue.com\/?product=ao-dai-cach-tan-nu-phoi-ren-hong","title":{"rendered":"\u00c1o D\u00e0i C\u00e1ch T\u00e2n N\u1eef Ph\u1ed1i Ren H\u1ed3ng"},"content":{"rendered":"<p><img loading=\"lazy\" class=\"alignnone size-medium wp-image-6539\" src=\"http:\/\/shopchothue.com\/wp-content\/uploads\/2025\/12\/z7351764721917_2409dddaa163144b3c3a592e59d3e2fe-320x400.jpg\" alt=\"\" width=\"320\" height=\"400\" srcset=\"https:\/\/shopchothue.com\/wp-content\/uploads\/2025\/12\/z7351764721917_2409dddaa163144b3c3a592e59d3e2fe-320x400.jpg 320w, https:\/\/shopchothue.com\/wp-content\/uploads\/2025\/12\/z7351764721917_2409dddaa163144b3c3a592e59d3e2fe-641x800.jpg 641w, https:\/\/shopchothue.com\/wp-content\/uploads\/2025\/12\/z7351764721917_2409dddaa163144b3c3a592e59d3e2fe-768x959.jpg 768w, https:\/\/shopchothue.com\/wp-content\/uploads\/2025\/12\/z7351764721917_2409dddaa163144b3c3a592e59d3e2fe-510x637.jpg 510w, https:\/\/shopchothue.com\/wp-content\/uploads\/2025\/12\/z7351764721917_2409dddaa163144b3c3a592e59d3e2fe.jpg 1025w\" sizes=\"(max-width: 320px) 100vw, 320px\" \/><\/p>\n","protected":false},"excerpt":{"rendered":"","protected":false},"featured_media":6539,"template":"","meta":[],"product_cat":[60,61],"product_tag":[],"_links":{"self":[{"href":"https:\/\/shopchothue.com\/index.php?rest_route=\/wp\/v2\/product\/6538"}],"collection":[{"href":"https:\/\/shopchothue.com\/index.php?rest_route=\/wp\/v2\/product"}],"about":[{"href":"https:\/\/shopchothue.com\/index.php?rest_route=\/wp\/v2\/types\/product"}],"wp:featuredmedia":[{"embeddable":true,"href":"https:\/\/shopchothue.com\/index.php?rest_route=\/wp\/v2\/media\/6539"}],"wp:attachment":[{"href":"https:\/\/shopchothue.com\/index.php?rest_route=%2Fwp%2Fv2%2Fmedia&parent=6538"}],"wp:term":[{"taxonomy":"product_cat","embeddable":true,"href":"https:\/\/shopchothue.com\/index.php?rest_route=%2Fwp%2Fv2%2Fproduct_cat&post=6538"},{"taxonomy":"product_tag","embeddable":true,"href":"https:\/\/shopchothue.com\/index.php?rest_route=%2Fwp%2Fv2%2Fproduct_tag&post=6538"}],"curies":[{"name":"wp","href":"https:\/\/api.w.org\/{rel}","templated":true}]}}