{"id":6542,"date":"2025-12-24T02:16:16","date_gmt":"2025-12-24T02:16:16","guid":{"rendered":"https:\/\/shopchothue.com\/?post_type=product&#038;p=6542"},"modified":"2026-01-15T10:42:13","modified_gmt":"2026-01-15T10:42:13","slug":"ao-dai-cach-tan-nu-phoi-ren-do","status":"publish","type":"product","link":"https:\/\/shopchothue.com\/?product=ao-dai-cach-tan-nu-phoi-ren-do","title":{"rendered":"\u00c1o D\u00e0i C\u00e1ch T\u00e2n N\u1eef Ph\u1ed1i Ren \u0110\u1ecf"},"content":{"rendered":"<p><img loading=\"lazy\" class=\"alignnone size-medium wp-image-6540\" src=\"http:\/\/shopchothue.com\/wp-content\/uploads\/2025\/12\/z7351764877850_ff025270406116a6f5172f1836284854-317x400.jpg\" alt=\"\" width=\"317\" height=\"400\" srcset=\"https:\/\/shopchothue.com\/wp-content\/uploads\/2025\/12\/z7351764877850_ff025270406116a6f5172f1836284854-317x400.jpg 317w, https:\/\/shopchothue.com\/wp-content\/uploads\/2025\/12\/z7351764877850_ff025270406116a6f5172f1836284854-634x800.jpg 634w, https:\/\/shopchothue.com\/wp-content\/uploads\/2025\/12\/z7351764877850_ff025270406116a6f5172f1836284854-768x969.jpg 768w, https:\/\/shopchothue.com\/wp-content\/uploads\/2025\/12\/z7351764877850_ff025270406116a6f5172f1836284854-510x644.jpg 510w, https:\/\/shopchothue.com\/wp-content\/uploads\/2025\/12\/z7351764877850_ff025270406116a6f5172f1836284854.jpg 1014w\" sizes=\"(max-width: 317px) 100vw, 317px\" \/><\/p>\n","protected":false},"excerpt":{"rendered":"","protected":false},"featured_media":6540,"template":"","meta":[],"product_cat":[60,61],"product_tag":[],"_links":{"self":[{"href":"https:\/\/shopchothue.com\/index.php?rest_route=\/wp\/v2\/product\/6542"}],"collection":[{"href":"https:\/\/shopchothue.com\/index.php?rest_route=\/wp\/v2\/product"}],"about":[{"href":"https:\/\/shopchothue.com\/index.php?rest_route=\/wp\/v2\/types\/product"}],"wp:featuredmedia":[{"embeddable":true,"href":"https:\/\/shopchothue.com\/index.php?rest_route=\/wp\/v2\/media\/6540"}],"wp:attachment":[{"href":"https:\/\/shopchothue.com\/index.php?rest_route=%2Fwp%2Fv2%2Fmedia&parent=6542"}],"wp:term":[{"taxonomy":"product_cat","embeddable":true,"href":"https:\/\/shopchothue.com\/index.php?rest_route=%2Fwp%2Fv2%2Fproduct_cat&post=6542"},{"taxonomy":"product_tag","embeddable":true,"href":"https:\/\/shopchothue.com\/index.php?rest_route=%2Fwp%2Fv2%2Fproduct_tag&post=6542"}],"curies":[{"name":"wp","href":"https:\/\/api.w.org\/{rel}","templated":true}]}}