{"id":6811,"date":"2026-04-28T03:46:21","date_gmt":"2026-04-28T03:46:21","guid":{"rendered":"https:\/\/shopchothue.com\/?post_type=product&#038;p=6811"},"modified":"2026-04-28T03:46:22","modified_gmt":"2026-04-28T03:46:22","slug":"ao-dai-cach-tan-nu-167","status":"publish","type":"product","link":"https:\/\/shopchothue.com\/?product=ao-dai-cach-tan-nu-167","title":{"rendered":"\u00c1o D\u00e0i C\u00e1ch T\u00e2n N\u1eef 167"},"content":{"rendered":"<p><img loading=\"lazy\" class=\"alignnone size-medium wp-image-6812\" src=\"http:\/\/shopchothue.com\/wp-content\/uploads\/2026\/04\/16-ao....-300x400.jpg\" alt=\"\" width=\"300\" height=\"400\" srcset=\"https:\/\/shopchothue.com\/wp-content\/uploads\/2026\/04\/16-ao....-300x400.jpg 300w, https:\/\/shopchothue.com\/wp-content\/uploads\/2026\/04\/16-ao....-600x800.jpg 600w, https:\/\/shopchothue.com\/wp-content\/uploads\/2026\/04\/16-ao....-768x1024.jpg 768w, https:\/\/shopchothue.com\/wp-content\/uploads\/2026\/04\/16-ao....-510x680.jpg 510w, https:\/\/shopchothue.com\/wp-content\/uploads\/2026\/04\/16-ao.....jpg 960w\" sizes=\"(max-width: 300px) 100vw, 300px\" \/><\/p>\n","protected":false},"excerpt":{"rendered":"","protected":false},"featured_media":6812,"template":"","meta":[],"product_cat":[60,61],"product_tag":[],"_links":{"self":[{"href":"https:\/\/shopchothue.com\/index.php?rest_route=\/wp\/v2\/product\/6811"}],"collection":[{"href":"https:\/\/shopchothue.com\/index.php?rest_route=\/wp\/v2\/product"}],"about":[{"href":"https:\/\/shopchothue.com\/index.php?rest_route=\/wp\/v2\/types\/product"}],"wp:featuredmedia":[{"embeddable":true,"href":"https:\/\/shopchothue.com\/index.php?rest_route=\/wp\/v2\/media\/6812"}],"wp:attachment":[{"href":"https:\/\/shopchothue.com\/index.php?rest_route=%2Fwp%2Fv2%2Fmedia&parent=6811"}],"wp:term":[{"taxonomy":"product_cat","embeddable":true,"href":"https:\/\/shopchothue.com\/index.php?rest_route=%2Fwp%2Fv2%2Fproduct_cat&post=6811"},{"taxonomy":"product_tag","embeddable":true,"href":"https:\/\/shopchothue.com\/index.php?rest_route=%2Fwp%2Fv2%2Fproduct_tag&post=6811"}],"curies":[{"name":"wp","href":"https:\/\/api.w.org\/{rel}","templated":true}]}}