{"id":6844,"date":"2026-05-10T04:41:11","date_gmt":"2026-05-10T04:41:11","guid":{"rendered":"https:\/\/shopchothue.com\/?post_type=product&#038;p=6844"},"modified":"2026-05-10T04:41:12","modified_gmt":"2026-05-10T04:41:12","slug":"long-den-ngoi-sao","status":"publish","type":"product","link":"https:\/\/shopchothue.com\/?product=long-den-ngoi-sao","title":{"rendered":"L\u1ed3ng \u0110\u00e8n Ng\u00f4i Sao"},"content":{"rendered":"<p><img loading=\"lazy\" class=\"alignnone size-medium wp-image-6842\" src=\"http:\/\/shopchothue.com\/wp-content\/uploads\/2026\/05\/LONG-DEN-300x400.jpg\" alt=\"\" width=\"300\" height=\"400\" srcset=\"https:\/\/shopchothue.com\/wp-content\/uploads\/2026\/05\/LONG-DEN-300x400.jpg 300w, https:\/\/shopchothue.com\/wp-content\/uploads\/2026\/05\/LONG-DEN-600x800.jpg 600w, https:\/\/shopchothue.com\/wp-content\/uploads\/2026\/05\/LONG-DEN-768x1024.jpg 768w, https:\/\/shopchothue.com\/wp-content\/uploads\/2026\/05\/LONG-DEN-510x680.jpg 510w, https:\/\/shopchothue.com\/wp-content\/uploads\/2026\/05\/LONG-DEN.jpg 960w\" sizes=\"(max-width: 300px) 100vw, 300px\" \/><\/p>\n","protected":false},"excerpt":{"rendered":"","protected":false},"featured_media":6842,"template":"","meta":[],"product_cat":[67],"product_tag":[],"_links":{"self":[{"href":"https:\/\/shopchothue.com\/index.php?rest_route=\/wp\/v2\/product\/6844"}],"collection":[{"href":"https:\/\/shopchothue.com\/index.php?rest_route=\/wp\/v2\/product"}],"about":[{"href":"https:\/\/shopchothue.com\/index.php?rest_route=\/wp\/v2\/types\/product"}],"wp:featuredmedia":[{"embeddable":true,"href":"https:\/\/shopchothue.com\/index.php?rest_route=\/wp\/v2\/media\/6842"}],"wp:attachment":[{"href":"https:\/\/shopchothue.com\/index.php?rest_route=%2Fwp%2Fv2%2Fmedia&parent=6844"}],"wp:term":[{"taxonomy":"product_cat","embeddable":true,"href":"https:\/\/shopchothue.com\/index.php?rest_route=%2Fwp%2Fv2%2Fproduct_cat&post=6844"},{"taxonomy":"product_tag","embeddable":true,"href":"https:\/\/shopchothue.com\/index.php?rest_route=%2Fwp%2Fv2%2Fproduct_tag&post=6844"}],"curies":[{"name":"wp","href":"https:\/\/api.w.org\/{rel}","templated":true}]}}