{"id":7029,"date":"2026-05-12T11:01:26","date_gmt":"2026-05-12T11:01:26","guid":{"rendered":"https:\/\/shopchothue.com\/?post_type=product&#038;p=7029"},"modified":"2026-05-12T11:01:26","modified_gmt":"2026-05-12T11:01:26","slug":"doremon-nho-lon","status":"publish","type":"product","link":"https:\/\/shopchothue.com\/?product=doremon-nho-lon","title":{"rendered":"\u0110\u00f4r\u00eaMon Nh\u1ecf &#8211; L\u1edbn"},"content":{"rendered":"<p><img loading=\"lazy\" class=\"alignnone size-medium wp-image-7025\" src=\"http:\/\/shopchothue.com\/wp-content\/uploads\/2026\/05\/Zalo_ScreenShot_27_8_2018_850694-399x400.png\" alt=\"\" width=\"399\" height=\"400\" srcset=\"https:\/\/shopchothue.com\/wp-content\/uploads\/2026\/05\/Zalo_ScreenShot_27_8_2018_850694-399x400.png 399w, https:\/\/shopchothue.com\/wp-content\/uploads\/2026\/05\/Zalo_ScreenShot_27_8_2018_850694-280x280.png 280w, https:\/\/shopchothue.com\/wp-content\/uploads\/2026\/05\/Zalo_ScreenShot_27_8_2018_850694-510x511.png 510w, https:\/\/shopchothue.com\/wp-content\/uploads\/2026\/05\/Zalo_ScreenShot_27_8_2018_850694-100x100.png 100w, https:\/\/shopchothue.com\/wp-content\/uploads\/2026\/05\/Zalo_ScreenShot_27_8_2018_850694.png 666w\" sizes=\"(max-width: 399px) 100vw, 399px\" \/><\/p>\n","protected":false},"excerpt":{"rendered":"","protected":false},"featured_media":7025,"template":"","meta":[],"product_cat":[353,56],"product_tag":[],"_links":{"self":[{"href":"https:\/\/shopchothue.com\/index.php?rest_route=\/wp\/v2\/product\/7029"}],"collection":[{"href":"https:\/\/shopchothue.com\/index.php?rest_route=\/wp\/v2\/product"}],"about":[{"href":"https:\/\/shopchothue.com\/index.php?rest_route=\/wp\/v2\/types\/product"}],"wp:featuredmedia":[{"embeddable":true,"href":"https:\/\/shopchothue.com\/index.php?rest_route=\/wp\/v2\/media\/7025"}],"wp:attachment":[{"href":"https:\/\/shopchothue.com\/index.php?rest_route=%2Fwp%2Fv2%2Fmedia&parent=7029"}],"wp:term":[{"taxonomy":"product_cat","embeddable":true,"href":"https:\/\/shopchothue.com\/index.php?rest_route=%2Fwp%2Fv2%2Fproduct_cat&post=7029"},{"taxonomy":"product_tag","embeddable":true,"href":"https:\/\/shopchothue.com\/index.php?rest_route=%2Fwp%2Fv2%2Fproduct_tag&post=7029"}],"curies":[{"name":"wp","href":"https:\/\/api.w.org\/{rel}","templated":true}]}}