{"id":841,"date":"2022-03-24T09:02:29","date_gmt":"2022-03-24T09:02:29","guid":{"rendered":"https:\/\/shopchothue.com\/?post_type=product&#038;p=841"},"modified":"2022-03-24T09:02:30","modified_gmt":"2022-03-24T09:02:30","slug":"ao-dai-cach-tan-nu-28","status":"publish","type":"product","link":"https:\/\/shopchothue.com\/?product=ao-dai-cach-tan-nu-28","title":{"rendered":"\u00c1o D\u00e0i C\u00e1ch T\u00e2n N\u1eef 28"},"content":{"rendered":"<p><img loading=\"lazy\" class=\"alignnone size-medium wp-image-842\" src=\"http:\/\/shopchothue.com\/wp-content\/uploads\/2022\/03\/28-533x400.jpg\" alt=\"\" width=\"533\" height=\"400\" srcset=\"https:\/\/shopchothue.com\/wp-content\/uploads\/2022\/03\/28-533x400.jpg 533w, https:\/\/shopchothue.com\/wp-content\/uploads\/2022\/03\/28-510x383.jpg 510w, https:\/\/shopchothue.com\/wp-content\/uploads\/2022\/03\/28.jpg 720w\" sizes=\"(max-width: 533px) 100vw, 533px\" \/><\/p>\n","protected":false},"excerpt":{"rendered":"<p>\u00c1o D\u00e0i C\u00e1ch T\u00e2n N\u1eef 28<\/p>\n<p>Ch\u1ea5t v\u1ea3i:l\u1ee5a<\/p>\n<p>gi\u00e1 thu\u00ea :100k\/ b\u1ed9<\/p>\n","protected":false},"featured_media":842,"template":"","meta":[],"product_cat":[60,61],"product_tag":[],"_links":{"self":[{"href":"https:\/\/shopchothue.com\/index.php?rest_route=\/wp\/v2\/product\/841"}],"collection":[{"href":"https:\/\/shopchothue.com\/index.php?rest_route=\/wp\/v2\/product"}],"about":[{"href":"https:\/\/shopchothue.com\/index.php?rest_route=\/wp\/v2\/types\/product"}],"wp:featuredmedia":[{"embeddable":true,"href":"https:\/\/shopchothue.com\/index.php?rest_route=\/wp\/v2\/media\/842"}],"wp:attachment":[{"href":"https:\/\/shopchothue.com\/index.php?rest_route=%2Fwp%2Fv2%2Fmedia&parent=841"}],"wp:term":[{"taxonomy":"product_cat","embeddable":true,"href":"https:\/\/shopchothue.com\/index.php?rest_route=%2Fwp%2Fv2%2Fproduct_cat&post=841"},{"taxonomy":"product_tag","embeddable":true,"href":"https:\/\/shopchothue.com\/index.php?rest_route=%2Fwp%2Fv2%2Fproduct_tag&post=841"}],"curies":[{"name":"wp","href":"https:\/\/api.w.org\/{rel}","templated":true}]}}