{"id":852,"date":"2022-03-24T09:11:50","date_gmt":"2022-03-24T09:11:50","guid":{"rendered":"https:\/\/shopchothue.com\/?post_type=product&#038;p=852"},"modified":"2022-03-24T09:11:50","modified_gmt":"2022-03-24T09:11:50","slug":"ao-dai-cach-tan-nu-33","status":"publish","type":"product","link":"https:\/\/shopchothue.com\/?product=ao-dai-cach-tan-nu-33","title":{"rendered":"\u00c1o D\u00e0i C\u00e1ch T\u00e2n N\u1eef 33"},"content":{"rendered":"<p><img loading=\"lazy\" class=\"alignnone size-medium wp-image-853\" src=\"http:\/\/shopchothue.com\/wp-content\/uploads\/2022\/03\/33-338x400.jpg\" alt=\"\" width=\"338\" height=\"400\" srcset=\"https:\/\/shopchothue.com\/wp-content\/uploads\/2022\/03\/33-338x400.jpg 338w, https:\/\/shopchothue.com\/wp-content\/uploads\/2022\/03\/33-675x800.jpg 675w, https:\/\/shopchothue.com\/wp-content\/uploads\/2022\/03\/33-768x910.jpg 768w, https:\/\/shopchothue.com\/wp-content\/uploads\/2022\/03\/33-510x604.jpg 510w, https:\/\/shopchothue.com\/wp-content\/uploads\/2022\/03\/33.jpg 1080w\" sizes=\"(max-width: 338px) 100vw, 338px\" \/><\/p>\n","protected":false},"excerpt":{"rendered":"<p>\u00c1o D\u00e0i C\u00e1ch T\u00e2n N\u1eef 33<\/p>\n<p>Ch\u1ea5t v\u1ea3i:l\u1ee5a<\/p>\n<p>gi\u00e1 thu\u00ea :120k\/ b\u1ed9<\/p>\n","protected":false},"featured_media":853,"template":"","meta":[],"product_cat":[60,61],"product_tag":[],"_links":{"self":[{"href":"https:\/\/shopchothue.com\/index.php?rest_route=\/wp\/v2\/product\/852"}],"collection":[{"href":"https:\/\/shopchothue.com\/index.php?rest_route=\/wp\/v2\/product"}],"about":[{"href":"https:\/\/shopchothue.com\/index.php?rest_route=\/wp\/v2\/types\/product"}],"wp:featuredmedia":[{"embeddable":true,"href":"https:\/\/shopchothue.com\/index.php?rest_route=\/wp\/v2\/media\/853"}],"wp:attachment":[{"href":"https:\/\/shopchothue.com\/index.php?rest_route=%2Fwp%2Fv2%2Fmedia&parent=852"}],"wp:term":[{"taxonomy":"product_cat","embeddable":true,"href":"https:\/\/shopchothue.com\/index.php?rest_route=%2Fwp%2Fv2%2Fproduct_cat&post=852"},{"taxonomy":"product_tag","embeddable":true,"href":"https:\/\/shopchothue.com\/index.php?rest_route=%2Fwp%2Fv2%2Fproduct_tag&post=852"}],"curies":[{"name":"wp","href":"https:\/\/api.w.org\/{rel}","templated":true}]}}