{"id":873,"date":"2022-03-24T09:41:20","date_gmt":"2022-03-24T09:41:20","guid":{"rendered":"https:\/\/shopchothue.com\/?post_type=product&#038;p=873"},"modified":"2022-03-24T09:41:21","modified_gmt":"2022-03-24T09:41:21","slug":"ao-dai-cach-tan-nu-43","status":"publish","type":"product","link":"https:\/\/shopchothue.com\/?product=ao-dai-cach-tan-nu-43","title":{"rendered":"\u00c1o D\u00e0i C\u00e1ch T\u00e2n N\u1eef 43"},"content":{"rendered":"<p><img loading=\"lazy\" class=\"alignnone size-full wp-image-874\" src=\"http:\/\/shopchothue.com\/wp-content\/uploads\/2022\/03\/43.jpg\" alt=\"\" width=\"280\" height=\"382\" \/><\/p>\n","protected":false},"excerpt":{"rendered":"<p>\u00c1o D\u00e0i C\u00e1ch T\u00e2n N\u1eef 43<\/p>\n<p>Ch\u1ea5t v\u1ea3i: l\u1ee5a<\/p>\n<p>gi\u00e1 thu\u00ea :150k\/ b\u1ed9<\/p>\n","protected":false},"featured_media":874,"template":"","meta":[],"product_cat":[60,61],"product_tag":[],"_links":{"self":[{"href":"https:\/\/shopchothue.com\/index.php?rest_route=\/wp\/v2\/product\/873"}],"collection":[{"href":"https:\/\/shopchothue.com\/index.php?rest_route=\/wp\/v2\/product"}],"about":[{"href":"https:\/\/shopchothue.com\/index.php?rest_route=\/wp\/v2\/types\/product"}],"wp:featuredmedia":[{"embeddable":true,"href":"https:\/\/shopchothue.com\/index.php?rest_route=\/wp\/v2\/media\/874"}],"wp:attachment":[{"href":"https:\/\/shopchothue.com\/index.php?rest_route=%2Fwp%2Fv2%2Fmedia&parent=873"}],"wp:term":[{"taxonomy":"product_cat","embeddable":true,"href":"https:\/\/shopchothue.com\/index.php?rest_route=%2Fwp%2Fv2%2Fproduct_cat&post=873"},{"taxonomy":"product_tag","embeddable":true,"href":"https:\/\/shopchothue.com\/index.php?rest_route=%2Fwp%2Fv2%2Fproduct_tag&post=873"}],"curies":[{"name":"wp","href":"https:\/\/api.w.org\/{rel}","templated":true}]}}